e millions digit of 42937104?
2
What is the hundreds digit of 3453911?
9
What is the hundred thousands digit of 807916?
8
What is the tens digit of 3738267?
6
What is the hundreds digit of 1298388?
3
What is the hundred thousands digit of 151269?
1
What is the hundreds digit of 17942942?
9
What is the thousands digit of 288503?
8
What is the tens digit of 3025858?
5
What is the ten thousands digit of 7760644?
6
What is the hundred thousands digit of 174278?
1
What is the units digit of 283783?
3
What is the millions digit of 4561966?
4
What is the tens digit of 252994?
9
What is the millions digit of 10566193?
0
What is the thousands digit of 1130664?
0
What is the thousands digit of 7546087?
6
What is the ten thousands digit of 391526?
9
What is the units digit of 25326?
6
What is the hundreds digit of 40768?
7
What is the ten thousands digit of 1147279?
4
What is the hundreds digit of 2593790?
7
What is the units digit of 6269886?
6
What is the millions digit of 9301016?
9
What is the ten thousands digit of 305483?
0
What is the millions digit of 3062045?
3
What is the thousands digit of 174098?
4
What is the tens digit of 353757?
5
What is the ten thousands digit of 22748317?
4
What is the ten thousands digit of 788674?
8
What is the hundred thousands digit of 605376?
6
What is the tens digit of 744591?
9
What is the thousands digit of 9850450?
0
What is the tens digit of 590276?
7
What is the units digit of 1870230?
0
What is the hundred thousands digit of 444094?
4
What is the hundred thousands digit of 102605?
1
What is the tens digit of 84289?
8
What is the hundreds digit of 65051?
0
What is the hundred thousands digit of 10047855?
0
What is the units digit of 77852?
2
What is the millions digit of 4058909?
4
What is the tens digit of 11039511?
1
What is the hundred thousands digit of 157131?
1
What is the ten thousands digit of 3620290?
2
What is the thousands digit of 7331?
7
What is the hundred thousands digit of 907128?
9
What is the hundred thousands digit of 172674?
1
What is the units digit of 32015?
5
What is the ten thousands digit of 7515771?
1
What is the thousands digit of 36597?
6
What is the hundred thousands digit of 380029?
3
What is the hundred thousands digit of 270955?
2
What is the ten thousands digit of 16856289?
5
What is the hundreds digit of 2534131?
1
What is the hundreds digit of 7213738?
7
What is the hundreds digit of 750418?
4
What is the hundreds digit of 302056?
0
What is the thousands digit of 526766?
6
What is the ten thousands digit of 2379883?
7
What is the ten millions digit of 13237778?
1
What is the hundreds digit of 173712?
7
What is the hundreds digit of 6154654?
6
What is the ten thousands digit of 2699938?
9
What is the hundreds digit of 468940?
9
What is the ten thousands digit of 51662?
5
What is the tens digit of 1400934?
3
What is the tens digit of 5530821?
2
What is the units digit of 78819?
9
What is the thousands digit of 3195544?
5
What is the hundred thousands digit of 201820?
2
What is the hundreds digit of 492187?
1
What is the tens digit of 18963?
6
What is the millions digit of 1332491?
1
What is the tens digit of 8271841?
4
What is the thousands digit of 105838?
5
What is the ten thousands digit of 735553?
3
What is the hundred thousands digit of 525094?
5
What is the hundreds digit of 11266938?
9
What is the hundred thousands digit of 2728621?
7
What is the hundred thousands digit of 104527?
1
What is the millions digit of 5922541?
5
What is the ten thousands digit of 7353365?
5
What is the thousands digit of 1571807?
1
What is the tens digit of 4006893?
9
What is the hundred thousands digit of 2603924?
6
What is the tens digit of 221780?
8
What is the tens digit of 525203?
0
What is the hundred thousands digit of 255939?
2
What is the units digit of 4680615?
5
What is the ten thousands digit of 5405861?
0
What is the thousands digit of 79315?
9
What is the units digit of 369242?
2
What is the ten thousands digit of 130301?
3
What is the tens digit of 22560697?
9
What is the millions digit of 1492770?
1
What is the thousands digit of 208013?
8
What is the hundred thousands digit of 1493471?
4
What is the hundreds digit of 290799?
7
What is the ten thousands digit of 23917448?
1
What is the tens digit of 18561775?
7
What is the units digit of 19112354?
4
What is the hundred thousands digit of 2881896?
8
What is the tens digit of 236860?
6
What is the ten thousands digit of 259698?
5
What is the thousands digit of 7293121?
3
What is the tens digit of 408892?
9
What is the thousands digit of 173870?
3
What is the hundreds digit of 3321314?
3
What is the ten thousands digit of 274601?
7
What is the thousands digit of 262166?
2
What is the hundred thousands digit of 2683441?
6
What is the ten thousands digit of 1569088?
6
What is the ten thousands digit of 320151?
2
What is the millions digit of 9196116?
9
What is the tens digit of 275410?
1
What is the hundred thousands digit of 421632?
4
What is the hundred thousands digit of 3603946?
6
What is the tens digit of 1102492?
9
What is the units digit of 10247388?
8
What is the units digit of 28360300?
0
What is the units digit of 966477?
7
What is the millions digit of 2721713?
2
What is the hundred thousands digit of 419605?
4
What is the tens digit of 1836949?
4
What is the units digit of 114201?
1
What is the thousands digit of 274447?
4
What is the tens digit of 442430?
3
What is the hundred thousands digit of 18880154?
8
What is the units digit of 3924883?
3
What is the ten thousands digit of 1317999?
1
What is the units digit of 256872?
2
What is the hundred thousands digit of 1668705?
6
What is the units digit of 638033?
3
What is the thousands digit of 349990?
9
What is the ten thousands digit of 2654376?
5
What is the hundreds digit of 154880?
8
What is the ten thousands digit of 15328851?
2
What is the ten thousands digit of 7274692?
7
What is the ten thousands digit of 2492204?
9
What is the ten thousands digit of 49837?
4
What is the tens digit of 846550?
5
What is the tens digit of 2353423?
2
What is the hundred thousands digit of 35019418?
0
What is the tens digit of 5286?
8
What is the tens digit of 6880056?
5
What is the tens digit of 2183797?
9
What is the thousands digit of 26639?
6
What is the tens digit of 41032?
3
What is the ten thousands digit of 10081816?
8
What is the ten thousands digit of 33052?
3
What is the hundred thousands digit of 3413717?
4
What is the tens digit of 404625?
2
What is the ten thousands digit of 2500375?
0
What is the thousands digit of 482796?
2
What is the tens digit of 1577557?
5
What is the units digit of 26075?
5
What is the millions digit of 3224249?
3
What is the tens digit of 165533?
3
What is the thousands digit of 683071?
3
What is the tens digit of 220115?
1
What is the hundreds digit of 181520?
5
What is the units digit of 97856?
6
What is the ten thousands digit of 76923?
7
What is the hundreds digit of 4038341?
3
What is the thousands digit of 106378?
6
What is the tens digit of 1808203?
0
What is the thousands digit of 60602?
0
What is the hundreds digit of 195494?
4
What is the hundred thousands digit of 226221?
2
What is the millions digit of 1255868?
1
What is the ten thousands digit of 244871?
4
What is the tens digit of 154585?
8
What is the thousands digit of 3611500?
1
What is the ten thousands digit of 13164054?
6
What is the tens digit of 1212252?
5
What is the units digit of 832017?
7
What is the ten thousands digit of 14680830?
8
What is the millions digit of 2435251?
2
What is the hundred thousands digit of 103701?
1
What is the tens digit of 213049?
4
What is the hundreds digit of 607196?
1
What is the hundreds digit of 352351?
3
What is the hundreds digit of 3356786?
7
What is the tens digit of 2109715?
1
What is the units digit of 2234620?
0
What is the hundred thousands digit of 281026?
2
What is the ten thousands digit of 870027?
7
What is the hundreds digit of 6434810?
8
What is the ten thousands digit of 330898?
3
What is the ten thousands digit of 202504?
0
What is the hundreds digit of 376442?
4
What is the hundred thousands digit of 3799638?
7
What is the units digit of 9904488?
8
What is the tens digit of 308209?
0
What is the tens digit of 2738556